and s?
12
Let r be 14*5/10*-1. Let s(t) = t**3 + 6*t**2 - 6*t + 16. Let w be s(r). Calculate the highest common divisor of 81 and w.
9
Let u(q) = 2*q**3 + 36*q**2 - 37*q + 23. Let a be u(-19). What is the highest common factor of 28 and a?
4
Let z(j) = j**2 - j - 10. Let s be z(4). Suppose -2*g = -22 - 22. What is the highest common factor of g and s?
2
Let v = -6 + 0. Let n = 1 + v. Let u = 8 + n. Calculate the greatest common factor of 12 and u.
3
Let m = 36 - 31. Let s = m - 3. Calculate the highest common factor of 10 and s.
2
Let z(w) = w + 8. Let m be z(-6). Let o be 2*(-1)/6 - 92960/(-249). Suppose -5*v + o = -m. What is the greatest common factor of v and 30?
15
Suppose 0 = 2*g - 4*o - 8 - 278, o - 5 = 0. Calculate the greatest common factor of 63 and g.
9
Let n(a) = -4*a**2 - 13*a - 1. Let y(i) = -15*i**2 - 53*i - 4. Let r(v) = -22*n(v) + 6*y(v). Let h be r(-14). What is the highest common factor of h and 6?
6
Suppose 73 = 4*d - 5*b - 19, 2*d - 4*b = 52. What is the greatest common factor of d and 18?
18
Suppose 176*o - 170*o - 24 = 0. Let f(x) = -x + 5. Let g be f(3). Suppose -g = -2*a + 5*b + 1, b + 7 = 2*a. What is the greatest common factor of a and o?
4
Suppose n = 5*v + 18 + 1, 5*n + 4*v = 95. Suppose -3*z - 2*z + n = 2*c, -3*c = 5*z - 26. What is the greatest common divisor of c and 35?
7
Let u(k) = -k**2 + 19*k + 44. Let g be u(12). Calculate the greatest common divisor of g and 16.
16
Let b = -45 + 45. Suppose -5*f + 75 = -0*f + j, b = -f + 3*j + 15. Calculate the highest common divisor of f and 6.
3
Suppose 16*h = 5841 + 7823. What is the highest common factor of h and 183?
61
Let c be (170/(-25) - -6)/(1/(-100)). Suppose 0*r - c = -10*r. Calculate the highest common factor of 8 and r.
8
Let h(r) = 40*r**2 - 7*r - 4. Let d be h(-4). Calculate the highest common divisor of d and 8.
8
Let q(b) = 8*b - 48. Let s be q(7). Calculate the greatest common factor of s and 104.
8
Suppose d - 9 = -7. Let g be d/(-7) + 256/112. Suppose -5*u = -g*b - 133 - 53, 4*b + 12 = 0. What is the greatest common divisor of u and 12?
12
Let f = 218 + -205. Calculate the greatest common divisor of 52 and f.
13
Suppose 0 = j - 1588 - 246. What is the highest common divisor of j and 14?
14
Suppose 6 = 6*v - 60. Calculate the highest common factor of v and 77.
11
Suppose -3*y - 18 = -2*o, -2*o + 5*y - y + 22 = 0. Let c(v) = v**3 - 3*v**2 + 7. Let r be c(o). What is the greatest common divisor of 1 and r?
1
Let k(l) = l**3 - 19*l**2 - 19*l + 32. Let n be k(20). Calculate the highest common divisor of 260 and n.
52
Suppose -5*d - 90 = -2*j, 0 = -j + 4*d - 9*d + 75. Calculate the greatest common factor of j and 66.
11
Suppose 30*x - 303 - 117 = 0. What is the highest common factor of 4 and x?
2
Let z = 839 + -668. What is the highest common divisor of z and 741?
57
Suppose -1039 + 1417 = 3*q. Calculate the highest common divisor of 189 and q.
63
Suppose 3*b - 49 - 95 = 0. Suppose 5*n + 5 = 165. Suppose -4*w + x + b + n = 0, 0 = 5*w - 3*x - 100. What is the greatest common factor of w and 4?
4
Let u = -261 + 807. Calculate the highest common divisor of u and 42.
42
Let u be (-8802)/(-63) - 8 - (-2)/7. Calculate the greatest common factor of 48 and u.
12
Let q(b) = b**2 - 4. Let o be q(7). Let h = 1050 - 975. What is the highest common divisor of o and h?
15
Let z be (2/3)/((-2)/(-144)). Let x(o) = -3*o - 4 + 5 + 4*o. Let c be x(5). Calculate the highest common factor of z and c.
6
Let u be (7 - (-1 - -3)) + 3 + -7. Let w(g) = g**3 + 3*g**2 - 3*g - 4. Let h be w(-3). Calculate the greatest common divisor of h and u.
1
Let u = 375 + -340. What is the greatest common factor of 2170 and u?
35
Let j be (-1 + 34)/(-5*(-23)/230). Calculate the highest common factor of j and 2211.
33
Let q(w) = 3*w + 9. Suppose 5*c + 40 = 3*x, -29 - 1 = -2*x + 4*c. Let y be q(x). What is the greatest common factor of 3 and y?
3
Let b(f) = 5*f + 109. Let o be b(8). Calculate the greatest common divisor of 1 and o.
1
Let v(m) = 3*m**2 - 2*m + 33. Let x be 0/((-1)/(-5) - (-4)/5). Let q be v(x). Calculate the highest common factor of q and 22.
11
Let y = 12 + -23. Let i = y - -11. Suppose -3*m + w + 3*w + 35 = i, -5*w = 3*m - 17. What is the greatest common divisor of m and 72?
9
Let r(z) = -z**2 - z + 8. Let h be r(-3). Let u(n) = -h*n**2 + 16*n + 21 - n + n**2 - 35. Let o be u(7). What is the highest common divisor of 28 and o?
14
Let z be 4/(-6) - (-184)/24. Let j(s) = s**3 + 2*s**2 + 4*s**2 - 2*s - 9*s - z. Let i be j(-7). What is the greatest common divisor of 21 and i?
21
Suppose -9*v + 14*v - 210 = -4*a, 0 = 5*v - a - 235. Calculate the greatest common divisor of v and 115.
23
Let c = -1158 - -1499. Suppose 4*b - 112 = 12. What is the highest common factor of c and b?
31
Suppose -526*x = -532*x + 318. Calculate the greatest common divisor of 477 and x.
53
Suppose 12*w - 3*b + 204 = 17*w, 76 = 2*w + 4*b. Suppose 0 = -4*h + 4*c + 72, 7*h - 5*h = -4*c + 36. Calculate the greatest common divisor of w and h.
6
Let b(y) = y**2 + y + 13. Let f be b(0). Let o = -67 + 231. Let k = o - 99. What is the greatest common factor of k and f?
13
Let p be (2 + -13)/((-8)/(1 - -39)). What is the greatest common factor of p and 88?
11
Let l be -1 - -31 - (-1 - -3). Let q be (-126)/(-27) + (2 - (-16)/(-6)). Suppose 8*j - l = q*j. What is the greatest common divisor of 49 and j?
7
Let w = 23 - 11. Suppose t = -5*v + 422, -3*t = 5*v - 8*v + 246. Calculate the highest common divisor of v and w.
12
Let b = -1869 + 3177. Suppose 0 = 2*j + 2*j - 4*d - b, 4*j = -5*d + 1290. Let s = j - 193. Calculate the highest common factor of s and 12.
12
Let v = -1059 - -1104. What is the greatest common factor of v and 5?
5
Let j be (5 - -951 - -8) + -4. Calculate the greatest common divisor of j and 60.
60
Let y be -114*((-2)/1 + 5/10). Let q = 53 - 34. What is the highest common factor of q and y?
19
Suppose -46*s + 1617 = -35*s. Calculate the greatest common factor of s and 15.
3
Let p(a) be the second derivative of 0 - 1/6*a**3 + 3*a**2 - 2*a. Let m be p(4). What is the greatest common factor of 22 and m?
2
Suppose -12 = -b + u + 42, 0 = 2*u - 2. Calculate the greatest common factor of 44 and b.
11
Let k = -195 - -214. What is the highest common divisor of k and 361?
19
Suppose y = -0*y + 17. Calculate the highest common divisor of 68 and y.
17
Let g be (12/(-8) + 2)*-10. Let d be g*-7*18/15. Let r = -5 - -26. What is the greatest common divisor of d and r?
21
Let v be ((-1)/((-2)/(-36)))/(-1). Suppose 259 = -7*w + 322. Suppose 5*c - 3*c - 54 = -5*t, t + c - w = 0. What is the greatest common divisor of v and t?
6
Let f = -86 - -196. Suppose 0 = -0*t - 5*t + f. Suppose -726 = -2*w - w. Calculate the greatest common divisor of t and w.
22
Let u be (32/6)/(9 - 3955/441). Calculate the greatest common factor of u and 60.
12
Let l(n) = 9*n**2 + 0 + n**3 - 13*n**2 + 2. Let s be l(4). Suppose 3*b = -s*b + 20. What is the highest common divisor of 28 and b?
4
Suppose 2*s - 659 = -587. What is the greatest common factor of 552 and s?
12
Suppose 0*y + 3*y - 51 = 0. Let l = y + 48. Let f be 1 - 12/10 - 66/(-5). Calculate the highest common factor of l and f.
13
Suppose 4*u = -13 + 25. Suppose -3*b - 2*b = -2*w + 20, -4*w = -u*b - 26. Suppose 15 = 2*a + 5. Calculate the highest common factor of w and a.
5
Let k = -73 + 123. Suppose b = 3*b - k. Let g be (6/(-4) - -2)*250. Calculate the greatest common factor of g and b.
25
Let r(i) = i**3 + 24*i**2 - 9*i + 34. Let g be r(-24). What is the greatest common divisor of 40 and g?
10
Let b(p) = -p**2 - 13*p + 49. Let r be b(-15). Let l(c) = c**2 + 4*c - 41. Let j be l(9). What is the greatest common divisor of j and r?
19
Let x be 0 - 1 - (-15)/(-3). Let b be (40/x)/(2/(-3)). Let g be 6/b + (-102)/(-30). Calculate the highest common divisor of 44 and g.
4
Let b = 35 - 23. Suppose 432 = 380*y - 368*y. Calculate the highest common divisor of y and b.
12
Let f = 608 - 446. Calculate the greatest common divisor of 45 and f.
9
Let g = -46 + 47. Let m be (-2 - 8)/(8/12 - g). What is the greatest common factor of m and 45?
15
Let x(g) = g**3 - 13*g**2 + 38*g - 119. Let f be x(15). What is the highest common divisor of f and 53?
53
Suppose -24*f + 97 = -20*f + 5*n, -f - 3*n + 33 = 0.